5*i + 17865 = -3*r + 6265. What is the thousands digit of i?
2
Let s = 42 - -133. Suppose s = 3*h + 37. What is the tens digit of h?
4
Let b be 3/((-4)/8 - -2). Suppose 0 = b*t + w - 45 + 8, -3*t + w = -68. Let y = t + -10. What is the units digit of y?
1
Let m be 2 - (47 - 3)/4. Let c be (-24)/m + (-2)/3. What is the tens digit of (348/36)/(c/6)?
2
Let m(b) = 121*b**3 - 7*b**2 + 5*b + 2. Let j(c) = 60*c**3 - 3*c**2 + 2*c + 1. Let a(n) = 5*j(n) - 2*m(n). What is the units digit of a(1)?
8
Let y(f) = 3*f**2 + 4*f - 2. Let s be -6*4*3/(-18). What is the units digit of y(s)?
2
Let w(d) = -d**3 + 4*d**2 + 3*d + 7. Let a be w(5). Let g be (a/(-2))/((-2)/4). Let s = -1 - g. What is the units digit of s?
2
Suppose 0*b + 5*b + 125 = 0. Let x = -11 - b. What is the units digit of x?
4
Let m be -6 - -7 - (2 + -5). Suppose -k + 3*k = m. What is the tens digit of (-2 + 3)/(k/82)?
4
Let g = 2607 - 1681. Let h = -634 + g. What is the tens digit of h?
9
Let m = 1465 - 917. What is the units digit of m?
8
Suppose -5*n - 5*s + 11 = -19, 5*s = 5*n - 70. What is the units digit of (n/(-25)*2)/(4/(-470))?
4
Suppose -15*f = 16*f - 50127. What is the tens digit of f?
1
Suppose -5*w + 15 = -5*y, 3*y = w - 1 - 2. Let a(t) = 1 + 11*t**2 + 9*t + t**w - 7 - 5*t. What is the tens digit of a(-10)?
5
Suppose 0 = 5*v + 2*l - 13804, 2*l + 24 - 18 = 0. What is the units digit of v?
2
Let z(l) = 1384*l - 21. What is the units digit of z(1)?
3
Suppose 0*b - 5*b = o - 32, 0 = -2*b - 2. Suppose -42*c + o*c + 730 = 0. What is the hundreds digit of c?
1
Let o = 49 + -25. Let r = o + 7. What is the units digit of r?
1
Let k(h) = 2*h - 15. Let t be k(10). Suppose 0 = t*j + 2*p - 7*p - 1550, -4*j + 3*p = -1235. What is the tens digit of j?
0
Let h(u) = 9*u - 105. What is the tens digit of h(23)?
0
Let q(d) = d**3 - 18*d**2 - 6*d + 41. What is the units digit of q(20)?
1
Suppose -3*h - 5*j - 9 = -7*h, 5*h = -j + 33. Let z be h*(-164)/8 + -4. Let m = 199 + z. What is the units digit of m?
2
Let m = -1030 - -1205. What is the tens digit of m?
7
Let n be 26/((4/3)/(-2)). Let q = n + 72. What is the units digit of q?
3
Suppose 4*u + 4115 = w + 874, -5*u = w - 3277. What is the tens digit of w?
5
Suppose t + 4*z = 3*t - 18, 3*z + 18 = 3*t. Suppose -2*s - 2*j + 17 = -3*j, 4*j = -t*s - 2. Let m(p) = 6*p - 15. What is the tens digit of m(s)?
2
Suppose 3*s + s - 2*i = 474, -3*i + 369 = 3*s. Suppose 5*x = -5*l + s, -x + 0 = 5. What is the units digit of l?
9
Suppose 3*c = -2*c + 10. Let u(n) = 2*n + 18. Let z(x) = -6*x - 53. Let f(m) = c*z(m) + 7*u(m). What is the units digit of f(-9)?
2
Let r be (9/(-2))/(6/56). Let t be (9/2)/((-9)/1272). What is the tens digit of t/r - 2/14?
1
Suppose 2*h - 1179 = 3*t, 2*t - 1788 = -4*h + h. What is the units digit of h?
4
Let x(f) = -2*f**3 + 27*f**2 + 3*f - 15. Let l(t) = -t**3 + 13*t**2 + t - 7. Let a(n) = 13*l(n) - 6*x(n). What is the units digit of a(4)?
7
Suppose -s + 5333 = 4*m + 536, -4*m = -2*s + 9558. What is the thousands digit of s?
4
Let p = -81 + 86. Suppose 4*u = 2*u + 3*g + 234, -20 = -p*g. What is the units digit of u?
3
Suppose -10*j = -13*j - 3. What is the tens digit of (-5 - -6)/(j - (-66)/63)?
2
Let i = 666 - 371. Let n = i - 138. What is the units digit of n?
7
Suppose 0 = -0*z - z + 11. Suppose 5*r = z + 9. Suppose 0 = r*s - s - 60. What is the units digit of s?
0
Let k be ((-1065)/6)/(4/(-8)). Let s = k + -253. What is the hundreds digit of s?
1
Let l = -1182 + 2371. What is the units digit of l?
9
Suppose 0 = 2*x - 6 - 0. Suppose 0 = -x*c - 0*c - 12. Let d = c - -30. What is the units digit of d?
6
Let l be 2 + (0 + 52 - 4). Let g = -12 + l. What is the tens digit of g?
3
Let t(v) = 428*v - 506. What is the hundreds digit of t(6)?
0
Suppose 0 = z + 39 - 49. Suppose c - 4 = z. What is the tens digit of c?
1
Let j(d) be the first derivative of 21*d**2/2 - 54*d - 2. What is the hundreds digit of j(13)?
2
Suppose -4*k + 350 = -9*k. Let b be ((-4)/5)/(4/k). Suppose -3*s - 5*u = -30 - b, 2*u = 2. What is the units digit of s?
3
What is the tens digit of 5*(2 - ((-1310)/25 + 2))?
6
Suppose q - 26 = -0*q + 4*z, 34 = q - 2*z. Let r be 344/7 + (-6)/q. Suppose m - r = -4*s, -m = s - 8 - 2. What is the units digit of s?
3
Let r be (8 - 2) + (8/(-4) - 2). Suppose 25 = 5*b, 0 = r*v + b - 64 - 285. What is the hundreds digit of v?
1
What is the tens digit of 10/(-35) - 1212/(-28)?
4
Let z = 1433 - 703. What is the units digit of z?
0
Suppose 26 = -4*a - 5*u, -5*u + 17 = -2*a - 11. Let x = 10 + a. What is the units digit of x?
1
Let a be ((-8)/((-168)/7))/(2/(-6)). What is the hundreds digit of (-2 + a - -1)*2 + 210?
2
Suppose 4*g = 7*g - 39. Suppose 1 = -4*l + g. Suppose 4*w - 94 = l*n, -50 = -4*w + n + 48. What is the tens digit of w?
2
Let h(v) = -v + 11. Let d be h(6). Suppose 10 = -2*g, d*t - 2*g - 13 - 17 = 0. Suppose l + 3*l + 25 = 3*j, 0 = 2*l - t. What is the units digit of j?
1
Suppose 3*w + 24 = -4*n, w + 2*n = -5 - 3. What is the units digit of w/(-14) + (-1)/(35/(-190))?
6
Suppose 4*z - 2*g - 4 = 0, 0*z - g = -4*z + 2. Suppose 4*p = -z*p. Suppose 0 = 3*i - p*i - 210. What is the tens digit of i?
7
Suppose 0 = -5*f + 6*f. Suppose 7*a - 8*a - 9 = f. Let l(t) = -t**3 - 8*t**2 + 7*t - 10. What is the units digit of l(a)?
8
What is the hundreds digit of 2/(-8) - (-5 + 102792/(-32))?
2
Let s(m) be the second derivative of 11*m**3/2 - 19*m**2/2 - 28*m. What is the units digit of s(4)?
3
Suppose -4*f - 5259 = -8*f - 5*l, 2*f - 2662 = 4*l. What is the tens digit of f?
2
Let d(k) = 50*k**2 + 4. Let z(p) = 3*p - 9. Let g be z(4). Let h(l) = 99*l**2 + 7. Let i(s) = g*h(s) - 5*d(s). What is the units digit of i(1)?
8
Let z be (4/12)/((-4)/(-216)). Let n = z - 15. Suppose -n*s + 38 + 70 = 0. What is the tens digit of s?
3
Let i = 5080 - 3366. What is the tens digit of i?
1
Let s(f) = -f**3 - 11*f**2 + 12*f - 5. Let y be s(-10). What is the units digit of (-8)/(24/y) + -2?
3
Suppose 0*o - 6*o + 24 = 0. Suppose -b + o = 5*s, -4*b + 16 = -s + 2*s. Suppose 0 = 2*m + m + b*u - 98, -4*m + 134 = 2*u. What is the units digit of m?
4
Let m(b) be the first derivative of -b**3/3 + 9*b**2/2 - 8*b - 1. Let n(h) = -h**2 - 8*h - 10. Let f be n(-3). What is the units digit of m(f)?
2
Suppose -6*u + u + 520 = 0. Let a = u + -67. What is the tens digit of a?
3
Let q = 16 + -16. Suppose q = 3*m - 1 - 8. Suppose 3*n = 3*v - 0*v + 114, -m*n = -2*v - 113. What is the tens digit of n?
3
Suppose 162*a - 1632 = 146*a. What is the hundreds digit of a?
1
Let p be ((-864)/(-15))/4 - 4/10. Suppose -p*d = -6*d - 480. What is the tens digit of d?
6
Let k(f) = 6*f**2 - 10*f + 3. Let z(n) = -5*n**2 + 9*n - 2. Let u(m) = -4*k(m) - 5*z(m). Let l be u(7). Suppose 25 = v - l. What is the units digit of v?
7
Let l(u) = -u**2 + 7*u - 12. Suppose -4*d + 16 = 4*o, o - 21 - 3 = -5*d. Let r be l(d). What is the units digit of (-1 - r) + (4 - -2)?
7
Suppose 12 = 4*j + 2*l, -2*j - 7*l = -4*l - 10. Suppose 0 = 4*v - 3*t - 1253, -2*v + j*t + 312 = -v. What is the units digit of v?
4
Let r = -29 + 17. Let b(f) = 6 - 9 + 9*f - 9*f**3 + 8*f**3 - 11*f**2. What is the units digit of b(r)?
3
Let r be -1 + 0 - (-7 + 13). Let z(a) = -a - 11. Let o be z(r). What is the tens digit of 33 - 4/(o/(-1))?
3
Suppose 0 = -5*s - 3*p + 124, -3*p + 5*p - 126 = -5*s. Let i = 25 + s. What is the units digit of 0 + i/3 + -3?
4
Let n(p) = -p + 2. Let k(u) = -2*u + 3. Let v(w) = 3*k(w) - 5*n(w). Let f be v(-5). What is the units digit of 2 + ((-24)/(-3))/f?
4
Suppose 5 = -k, 3*i + k = 3*k + 19. Suppose 3*t - 3*w - 51 = 0, -3*w + 0*w = i. What is the tens digit of t?
1
Suppose 0 = -3*o - 3*v + 381, 0 = 5*o - 5*v - 521 - 104. What is the units digit of o?
6
Suppose -3*l + 9 = 3*v, -3*v - 5*l - 1 + 6 = 0. Let r be (-108)/16 - v/20. Let u = 30 + r. What is the units digit of u?
3
Let q(c) = -c**2 - 7*c + 4. Let g be q(-9). What is the tens digit of (g/3)/((-26)/117)?
2
Let b(x) be the first derivative of -x**6/120 + x**4/6 - x**3/6 - 3*x**2/2 + 2. Let z(o) be the second derivative of b(o). What is the units digit of z(-3)?
4
Suppose 5*n - 2161 = -3*h + 6*n, -5*h = 2*n - 3609. What is the units digit of h?
1
Let s be -8*((-57)/12 - -4). Suppose s*o - o - 85 = 0. Suppose 23 = 5*k - o. What is the units digit of k?
8
Suppo